ative of -x**4/24 - 2*x**3/3 + 2*x**2. Let n(d) = -d - 6. Let u(g) = 5*n(g) - 7*q(g). Give u(2).
2
Let c = 4 - -1. Let r(z) be the second derivative of -z**3/6 - z**2 + 27*z. Give r(c).
-7
Let r(q) = q**2 - 12*q + 12. Let d be r(9). Let y = d + 16. Let p(n) = -3*n**3 - n + 1. Give p(y).
-3
Let k(x) = 3*x**3 - 4*x**2 + 5*x + 7. Suppose 3 = 3*d, 20 = -3*z + d + 4. Let j(i) = -2*i**3 + 2*i**2 - 3*i - 4. Let y(n) = z*j(n) - 3*k(n). Give y(-1).
0
Let q(s) = -1 - 2*s + 2*s + 2*s - 3*s. Calculate q(-2).
1
Let r = -5 - -4. Let s(q) = -24*q**3 + 10*q**2 + 10*q + 16. Let g(z) = -5*z**3 + 2*z**2 + 2*z + 3. Let o = -11 + 0. Let w(j) = o*g(j) + 2*s(j). Determine w(r).
-8
Let n be (0/2)/(-2)*1. Let r(g) be the second derivative of -1/6*g**3 + n + g + 1/12*g**4 + 0*g**2. Determine r(3).
6
Let v = 21 - 28. Let o(m) = m**2 + 6*m - 6. What is o(v)?
1
Suppose 19 = -5*q - 4*w, -2*w = -2 - 6. Let v(h) = -h**2 - 6*h + 9. Give v(q).
2
Suppose -n - 21 = -2*p, -5*p = 3*n - 12 - 13. Let a = p + -6. Suppose -l + a*l = 2. Let w(b) = b**2 + 2*b - 2. Calculate w(l).
6
Let v(g) = -g - 3. Suppose 5 - 7 = -z. Let q be z/(-7) + 26/91. Determine v(q).
-3
Suppose -11 - 4 = -5*n. Suppose 4*o = n*l + 15, -o + 0*l = -5*l - 8. Let v(m) = -2*m + 4. Calculate v(o).
-2
Let i(s) = -s - 1. Let f(y) be the third derivative of y**2 + 1/12*y**4 + 0*y + 0 + 1/2*y**3. Let j(b) = 2*f(b) + 5*i(b). What is j(2)?
-1
Let f(z) = z**3 + 4*z**2 + 3*z + 3. Let d(q) = -q**2 + 12*q - 3. Let v be d(12). Calculate f(v).
3
Let r be (-6)/(-10) + 24/10. Let i = r + 0. Let h be (1 - -5) + -3 + i. Let k(p) = -p + 1. Determine k(h).
-5
Let c(g) be the first derivative of -g**2/2 - 5*g - 8. What is c(-4)?
-1
Let z(w) = -w**3 - 6*w**2 - 8*w - 7. Suppose 0*d - 3*d + 23 = 4*c, 5*c - 20 = -2*d. Let x(j) = j**3 - 2*j**2 - 3*j + 1. Let i be x(c). Determine z(i).
8
Let o = 15 - 21. Let f(c) be the first derivative of -c**3/6 - 4*c**2 + c - 5. Let n(h) be the first derivative of f(h). Give n(o).
-2
Let n(c) = 5*c + 1 + c**3 + 3*c**2 + 1 + 4*c**2. Calculate n(-6).
8
Suppose 3*i + i = 0. Let a(q) = -2*q - 4. Let m be a(-4). Suppose -m*g + 7 - 3 = i. Let t(o) = 5*o**3. Calculate t(g).
5
Let q(x) = x**3 + 6*x**2 + 4*x + 1. Let f be q(-5). Let o be (f - 8)/(1/2). Let v(m) = -2*m - 1. Calculate v(o).
7
Let x(u) = 3*u + 7. Let w = 28 + -33. What is x(w)?
-8
Let r(g) = g - 6. Let w be r(9). Let m(s) = -4*s**2 + w*s**2 + 0*s + 6*s - 7. What is m(5)?
-2
Let k(z) = -z - 9. Let u(g) = g + 8. Let p(x) = -2*k(x) - 3*u(x). Let f = -3 + 3. Let s be ((f + 0)/(-2))/1. Calculate p(s).
-6
Let n(t) = t**2 + 2*t + 1. Let b(h) = 2*h**2 + h - 3. Let z be b(-3). Suppose y = -0*o + 2*o - 4, -3*y = 2*o - z. Calculate n(y).
9
Let y(d) be the second derivative of d**5/20 - d**3/6 - 11*d**2/2 + 37*d. Give y(0).
-11
Let n(l) = -9*l + 60. Let x be n(6). Let b(g) = -g**3 + 7*g**2 - 5*g - 8. Calculate b(x).
-2
Let g(p) = p**3 - 3*p**2 - 5*p - 2. Let j be g(4). Let t(y) = -y - 4 + 0 + 5 - 2. Give t(j).
5
Let p(c) = c**3 + 4*c**2 - 5*c + 2. Let d be p(-5). Let h(s) = 3*s**2 + d*s**3 + 4*s - 3*s**3 + 2*s**3 - s. What is h(-2)?
-2
Let j(x) be the second derivative of -x**3 + x**2 - 26*x. Calculate j(2).
-10
Let l(q) = q**2 + 3*q - 4. Let x be 20/(-6)*(-6)/4. Suppose 3*d - 2*z = -0*d + 2, x*z - 12 = -d. Let w(g) = -2*g**2 + 2*g - 1. Let t be w(d). Determine l(t).
6
Let o(c) = c**3 + 4*c**2 - 5*c - 1. Let n(g) = g**2 - 10*g + 7. Let m be n(6). Let s = m + 12. Calculate o(s).
-1
Let r = -51 + 48. Let n(m) = m**3 + 5*m**2 + 3*m - 1. Give n(r).
8
Let w(t) = 4 - 2*t**2 - 10*t - 11*t - 8*t + 32*t. Determine w(3).
-5
Let c(y) = -3*y - 6. Suppose -3*n - 2*h - 21 = 0, 9 = -h - 2*h. Give c(n).
9
Let d be (2/(-6))/(0 + (-3)/(-27)). Let y(u) = -u**2 + 3 + 3 - 2 - 2*u. What is y(d)?
1
Let y(x) = -x**3 + 2*x**2 + 2*x - 1. Let w be (-22)/(-5) - (-4)/(-10). Let z be 3 + 1 + w/(-2). Calculate y(z).
3
Let v be (-1)/((-4)/8*1). Let n(b) = -v*b**2 + 10*b**2 - 2*b**2 + 1 - b**2. Calculate n(-1).
6
Suppose -2*z + 0 = -6. Let d(c) = 13*c - 3. Let n(v) = -19*v + 5. Suppose 4*y = 4, 2*y + 4 = w + y. Let g(q) = w*n(q) + 7*d(q). Calculate g(z).
-8
Suppose -4*o - 11 - 5 = 0. Let d(w) be the third derivative of 0 + 6*w**2 - 3/2*w**3 + 0*w - 1/24*w**4. Give d(o).
-5
Let u(t) = t**2 - 4*t + 1. Let i be u(4). Let q be 2 - (2 + -2)/i. Let b = q - 0. Let m(v) = v**3 - 2*v**2 + v. Calculate m(b).
2
Let i(p) = 2*p - 1. Let c be i(1). Let t(u) = 2 - u - u**3 - u**2 + 0 + c. Let m = 20 - 20. Calculate t(m).
3
Let y(b) = 2*b**3 + b - 7*b**3 - 3*b**2 + 2 + 3*b**3. Let g be ((-2)/4 + 0)*34. Let m = g + 15. What is y(m)?
4
Let y(o) = -o**3 - o. Let r = 16 + -31. Let w be r/(-4) + (-3)/4. Let a(l) = 4*l**3 + 6*l**2 + 5*l + 7. Let i(n) = w*y(n) + a(n). Calculate i(-6).
-5
Let k be 6/((-9)/(-3)) - 0. Suppose -3 = -3*p + k*p. Let i(x) = 0*x**2 + p*x**2 - x**3 + 3 + x**2 - 3*x. Give i(2).
5
Let m = 4 + -7. Let y(r) = 1 - 2 + 0 - 2*r - 2. Let z(n) = -3*n - 4. Let o(a) = -5*y(a) + 4*z(a). What is o(m)?
5
Suppose 4*h - 2 = -2*s, s - 4*s - h - 12 = 0. Let r = 7 + s. Let j(a) = 0*a**2 + 4 + 2*a**2 - 3*a**r + a. Give j(0).
4
Let y = 10 - 9. Let u(o) = y - 4 + 2*o + 0. Suppose 2*v + 5 = 2*g + 3*v, g = -2*v + 1. Determine u(g).
3
Let m(x) = x**3 - 8*x**2 + 7*x - 10. Suppose 7 = r - 0*r. Let t be m(r). Let k = -14 - t. Let a(q) = -q**2 - 6*q - 1. Calculate a(k).
7
Let t be 27/(-15) - 2/10. Let w(o) = o**3 - 2*o - 2. Give w(t).
-6
Let q(h) = h - 8. Let c(d) = d**2 + d - 2. Let m be c(-3). What is q(m)?
-4
Let s(u) = 3*u - 7. Let i(c) = -2*c + 3. Let q(j) = 5*i(j) + 2*s(j). Suppose -52*p - 28 - 24 = 0. Calculate q(p).
5
Let q(i) = i**2 - 2*i - 4. Suppose -55 + 11 = -4*z. Let s = -8 + z. Give q(s).
-1
Let t = 13 - 9. Let o(s) = 4*s**3 - 3*s**3 + 3*s**2 + s - t*s. Determine o(-4).
-4
Let k be 9 - (-3)/(-4)*4. Let p(j) = 13*j**3 + 2*j**2 - 2*j + 13. Let l(f) = 7*f**3 + f**2 - f + 7. Let o(n) = k*p(n) - 11*l(n). Determine o(-2).
-1
Suppose -6*z - 1 = -13. Let m(i) be the first derivative of 1 - z*i**2 + 1/3*i**3 - 4*i. What is m(5)?
1
Let z be 1/(-2)*4/(-2). Let f(p) be the first derivative of 5*p**4/2 + p**3/3 - 20. Give f(z).
11
Let j(h) be the first derivative of -h**3/3 - 3*h**2/2 + 2*h + 23. Calculate j(-4).
-2
Let d(t) be the first derivative of -t**3/3 + t**2 - 4*t - 12. What is d(5)?
-19
Let m be (-5 + 2)*(0 - -1). Let a = 2 + -3. Let t(c) = c**3 + c**2 - c - 1. Let k(r) = -2*r**3 - r**2 - r. Let j(b) = a*k(b) - 3*t(b). What is j(m)?
0
Let a(x) = x. Let c(k) = -k**3 + k**2 - 3*k + 2. Let m(p) = 3*a(p) + c(p). Let f = -5 + 5. Determine m(f).
2
Suppose 4*a - 12 = -0*a. Suppose -2*g - 14 = -g - a*k, 5*g = -k - 6. Let i = -6 - g. Let o(j) = j**3 + 3*j**2 - 4*j + 4. Calculate o(i).
4
Let r(o) = -o**2 - 3*o + 32. Let a be r(-7). Let m(l) = -l - 2. What is m(a)?
-6
Let b(i) = i**2 + 5*i - 4. Let m(l) = -l**3 - 12*l**2 - 12*l - 14. Let a be m(-11). What is b(a)?
-10
Let t(a) = a**3 - 6*a**2 + 5*a - 7. Let c(h) = h + 12. Let i be c(-8). Suppose -i*y - m + 35 = 0, 3*y - 2*y - 11 = -m. Let l = y - 3. Calculate t(l).
-7
Let p(y) = y + 5. Let l be p(0). Suppose -l*z - 4*w + 25 = w, 0 = -w - 1. Suppose z*t - t = 0. Let m(j) = j - 8. Determine m(t).
-8
Let c be ((-15)/(-10))/(2/(-4) + 1). Let w(q) = -q**3 + 3*q**2 + 3. Give w(c).
3
Suppose 20 = 4*x + x. Suppose -3*c + x = -8. Let v be (2/c)/((-1)/(-2)). Let m(k) = 2*k**3 + k. What is m(v)?
3
Let d(t) = t**2 + 2*t - 8. Let r(y) = y**2 + 2*y - 9. Let s(c) = 5*d(c) - 4*r(c). Suppose 3*h + 4 = -5. Give s(h).
-1
Let y(t) = t**2 + 3*t + 2. Let c(v) = v**2 + 3*v + 2. Let g(h) = -6*c(h) + 5*y(h). Suppose -3*l + 4*l = 2*z - 1, -5*l - 23 = -z. Calculate g(z).
0
Let t(h) be the third derivative of h**8/10080 - h**7/2520 + h**6/720 + h**5/20 - 2*h**2. Let s(y) be the third derivative of t(y). Calculate s(2).
5
Suppose 2*w = 3*c + 1, -5*c - 1 = 4*w - 14. Let h(m) = 7*m - 1. Determine h(c).
6
Suppose 2*a - 2 = 10. Suppose 0*f - a = -3*f. Let j(g) = 5*g - 1. Calculate j(f).
9
Let u(o) = -o**3 - 10*o**2 - 9*o - 6. Let m = -27 - -18. What is u(m)?
-6
Let l(v) be the first derivative of -1 + 1/12*v**4 - 1/2*v**3 + 0*v - v**2. Let q(z) be the second derivative of l(z). Give q(3).
3
Let o(l) be the first derivative of -l**3/3 + 3*l**2/2 + 8*l - 32. What is o(7)?
-20
Let j be 2 + 8/(-5 + 3).